{"id":259,"date":"2020-11-07T23:37:32","date_gmt":"2020-11-07T22:37:32","guid":{"rendered":"http:\/\/virginie-vallet-socio-coiffeuse.fr\/?page_id=259"},"modified":"2026-02-16T23:43:42","modified_gmt":"2026-02-16T22:43:42","slug":"protheses-capillaire","status":"publish","type":"page","link":"https:\/\/virginie-vallet-socio-coiffeuse.fr\/?page_id=259","title":{"rendered":"Proth\u00e8ses capillaire"},"content":{"rendered":"\t\t<div data-elementor-type=\"wp-page\" data-elementor-id=\"259\" class=\"elementor elementor-259\">\n\t\t\t\t\t\t<section class=\"elementor-section elementor-top-section elementor-element elementor-element-5e0d9ab elementor-section-boxed elementor-section-height-default elementor-section-height-default\" data-id=\"5e0d9ab\" data-element_type=\"section\" data-e-type=\"section\">\n\t\t\t\t\t\t<div class=\"elementor-container elementor-column-gap-default\">\n\t\t\t\t\t<div class=\"elementor-column elementor-col-100 elementor-top-column elementor-element elementor-element-0a56dc4\" data-id=\"0a56dc4\" data-element_type=\"column\" data-e-type=\"column\">\n\t\t\t<div class=\"elementor-widget-wrap elementor-element-populated\">\n\t\t\t\t\t\t<div class=\"elementor-element elementor-element-0c6eb0d elementor-widget elementor-widget-heading\" data-id=\"0c6eb0d\" data-element_type=\"widget\" data-e-type=\"widget\" data-widget_type=\"heading.default\">\n\t\t\t\t<div class=\"elementor-widget-container\">\n\t\t\t\t\t<h2 class=\"elementor-heading-title elementor-size-default\">Virginie Socio coiffeuse<\/h2>\t\t\t\t<\/div>\n\t\t\t\t<\/div>\n\t\t\t\t<section class=\"elementor-section elementor-inner-section elementor-element elementor-element-5976400 elementor-section-boxed elementor-section-height-default elementor-section-height-default\" data-id=\"5976400\" data-element_type=\"section\" data-e-type=\"section\">\n\t\t\t\t\t\t<div class=\"elementor-container elementor-column-gap-default\">\n\t\t\t\t\t<div class=\"elementor-column elementor-col-50 elementor-inner-column elementor-element elementor-element-81a5ecc\" data-id=\"81a5ecc\" data-element_type=\"column\" data-e-type=\"column\">\n\t\t\t<div class=\"elementor-widget-wrap elementor-element-populated\">\n\t\t\t\t\t\t<div class=\"elementor-element elementor-element-bdd4b6c elementor-widget elementor-widget-heading\" data-id=\"bdd4b6c\" data-element_type=\"widget\" data-e-type=\"widget\" data-widget_type=\"heading.default\">\n\t\t\t\t<div class=\"elementor-widget-container\">\n\t\t\t\t\t<h2 class=\"elementor-heading-title elementor-size-large\"><a href=\"http:\/\/virginie-vallet-socio-coiffeuse.fr\/?page_id=259\">Proth\u00e8ses capillaires<\/a><\/h2>\t\t\t\t<\/div>\n\t\t\t\t<\/div>\n\t\t\t\t\t<\/div>\n\t\t<\/div>\n\t\t\t\t<div class=\"elementor-column elementor-col-50 elementor-inner-column elementor-element elementor-element-08e12f4\" data-id=\"08e12f4\" data-element_type=\"column\" data-e-type=\"column\">\n\t\t\t<div class=\"elementor-widget-wrap elementor-element-populated\">\n\t\t\t\t\t\t<div class=\"elementor-element elementor-element-225ad63 elementor-widget elementor-widget-heading\" data-id=\"225ad63\" data-element_type=\"widget\" data-e-type=\"widget\" data-widget_type=\"heading.default\">\n\t\t\t\t<div class=\"elementor-widget-container\">\n\t\t\t\t\t<h2 class=\"elementor-heading-title elementor-size-large\"><a href=\"http:\/\/virginie-vallet-socio-coiffeuse.fr\/?page_id=359\">Prestations<\/a><\/h2>\t\t\t\t<\/div>\n\t\t\t\t<\/div>\n\t\t\t\t\t<\/div>\n\t\t<\/div>\n\t\t\t\t\t<\/div>\n\t\t<\/section>\n\t\t\t\t\t<\/div>\n\t\t<\/div>\n\t\t\t\t\t<\/div>\n\t\t<\/section>\n\t\t\t\t<section class=\"elementor-section elementor-top-section elementor-element elementor-element-2a30a36 elementor-section-boxed elementor-section-height-default elementor-section-height-default\" data-id=\"2a30a36\" data-element_type=\"section\" data-e-type=\"section\">\n\t\t\t\t\t\t<div class=\"elementor-container elementor-column-gap-default\">\n\t\t\t\t\t<div class=\"elementor-column elementor-col-50 elementor-top-column elementor-element elementor-element-e328845\" data-id=\"e328845\" data-element_type=\"column\" data-e-type=\"column\" data-settings=\"{&quot;background_background&quot;:&quot;classic&quot;}\">\n\t\t\t<div class=\"elementor-widget-wrap elementor-element-populated\">\n\t\t\t\t\t\t<div class=\"elementor-element elementor-element-c8feffb elementor-widget elementor-widget-text-editor\" data-id=\"c8feffb\" data-element_type=\"widget\" data-e-type=\"widget\" data-widget_type=\"text-editor.default\">\n\t\t\t\t<div class=\"elementor-widget-container\">\n\t\t\t\t\t\t\t\t\t<p>Je suis partenaire de NJ Paris, sp\u00e9cialiste reconnu de la beaut\u00e9 capillaire m\u00e9dicale et de la perruque m\u00e9dicale. Cette marque fran\u00e7aise propose une large gamme de proth\u00e8ses capillaires destin\u00e9es aux femmes et aux hommes confront\u00e9s \u00e0 une perte de cheveux, temporaire ou durable, notamment dans le cadre de traitements m\u00e9dicaux.<\/p><p>Vous trouverez \u00e9galement une s\u00e9lection compl\u00e8te de soins capillaires adapt\u00e9s \u00e0 l\u2019entretien des perruques, postiches, cheveux naturels ou fibres synth\u00e9tiques, afin de pr\u00e9server confort, hygi\u00e8ne et long\u00e9vit\u00e9 des \u00e9quipements.<\/p><p>Soucieuse du bien-\u00eatre des personnes appareill\u00e9es, NJ Paris d\u00e9veloppe ses mod\u00e8les avec des technologies innovantes telles que les concepts Antiglisse\u00a9 et Modulocap\u00a9. Ces dispositifs assurent un maintien optimal de la perruque, sans compression ni transpiration, tout en garantissant discr\u00e9tion, l\u00e9g\u00e8ret\u00e9 et s\u00e9curit\u00e9 au quotidien.<\/p><p>En tant que socio-coiffeuse et proth\u00e9siste capillaire agr\u00e9\u00e9e CPAM en Indre-et-Loire, je vous accompagne personnellement dans le choix de votre perruque m\u00e9dicale \u00e0 Tours : s\u00e9lection du mod\u00e8le, \u00e9tude de la couleur, adaptation \u00e0 votre morphologie et retouches sur mesure si n\u00e9cessaire.<\/p><p>Chaque accompagnement est r\u00e9alis\u00e9 avec respect, \u00e9coute et bienveillance, afin de vous aider \u00e0 retrouver confort, confiance et estime de soi dans cette \u00e9tape de vie parfois d\u00e9licate.<\/p>\t\t\t\t\t\t\t\t<\/div>\n\t\t\t\t<\/div>\n\t\t\t\t\t<\/div>\n\t\t<\/div>\n\t\t\t\t<div class=\"elementor-column elementor-col-50 elementor-top-column elementor-element elementor-element-7fda60e\" data-id=\"7fda60e\" data-element_type=\"column\" data-e-type=\"column\">\n\t\t\t<div class=\"elementor-widget-wrap elementor-element-populated\">\n\t\t\t\t\t\t<div class=\"elementor-element elementor-element-583f3c1 animated-slow elementor-invisible elementor-widget elementor-widget-image\" data-id=\"583f3c1\" data-element_type=\"widget\" data-e-type=\"widget\" data-settings=\"{&quot;_animation&quot;:&quot;slideInRight&quot;}\" data-widget_type=\"image.default\">\n\t\t\t\t<div class=\"elementor-widget-container\">\n\t\t\t\t\t\t\t\t\t\t\t\t\t\t\t\t<a href=\"https:\/\/www.nj-creation.com\/fr\/32-perruques-femme\">\n\t\t\t\t\t\t\t<img decoding=\"async\" width=\"284\" height=\"133\" src=\"https:\/\/virginie-vallet-socio-coiffeuse.fr\/wp-content\/uploads\/2020\/11\/NJ-Creation.jpg\" class=\"elementor-animation-grow attachment-full size-full wp-image-324\" alt=\"\" \/>\t\t\t\t\t\t\t\t<\/a>\n\t\t\t\t\t\t\t\t\t\t\t\t\t\t\t<\/div>\n\t\t\t\t<\/div>\n\t\t\t\t\t<\/div>\n\t\t<\/div>\n\t\t\t\t\t<\/div>\n\t\t<\/section>\n\t\t\t\t<section class=\"elementor-section elementor-top-section elementor-element elementor-element-eb43b42 animated-slow elementor-section-boxed elementor-section-height-default elementor-section-height-default elementor-invisible\" data-id=\"eb43b42\" data-element_type=\"section\" data-e-type=\"section\" data-settings=\"{&quot;background_background&quot;:&quot;classic&quot;,&quot;animation&quot;:&quot;slideInUp&quot;}\">\n\t\t\t\t\t\t<div class=\"elementor-container elementor-column-gap-default\">\n\t\t\t\t\t<div class=\"elementor-column elementor-col-33 elementor-top-column elementor-element elementor-element-20b4500\" data-id=\"20b4500\" data-element_type=\"column\" data-e-type=\"column\" data-settings=\"{&quot;background_background&quot;:&quot;gradient&quot;}\">\n\t\t\t<div class=\"elementor-widget-wrap elementor-element-populated\">\n\t\t\t\t\t\t<div class=\"elementor-element elementor-element-00aaaf6 elementor-widget elementor-widget-image\" data-id=\"00aaaf6\" data-element_type=\"widget\" data-e-type=\"widget\" data-widget_type=\"image.default\">\n\t\t\t\t<div class=\"elementor-widget-container\">\n\t\t\t\t\t\t\t\t\t\t\t\t<figure class=\"wp-caption\">\n\t\t\t\t\t\t\t\t\t\t\t<a href=\"https:\/\/www.nj-creation.com\/fr\/perruques-femme-courtes\/2480-camille.html\">\n\t\t\t\t\t\t\t<img fetchpriority=\"high\" decoding=\"async\" width=\"286\" height=\"193\" src=\"https:\/\/virginie-vallet-socio-coiffeuse.fr\/wp-content\/uploads\/2020\/11\/Capture-decran-2020-11-08-a-02.38.51.png\" class=\"elementor-animation-grow attachment-large size-large wp-image-332\" alt=\"\" \/>\t\t\t\t\t\t\t\t<\/a>\n\t\t\t\t\t\t\t\t\t\t\t<figcaption class=\"widget-image-caption wp-caption-text\">Camille<\/figcaption>\n\t\t\t\t\t\t\t\t\t\t<\/figure>\n\t\t\t\t\t\t\t\t\t<\/div>\n\t\t\t\t<\/div>\n\t\t\t\t\t<\/div>\n\t\t<\/div>\n\t\t\t\t<div class=\"elementor-column elementor-col-33 elementor-top-column elementor-element elementor-element-cb38825\" data-id=\"cb38825\" data-element_type=\"column\" data-e-type=\"column\">\n\t\t\t<div class=\"elementor-widget-wrap elementor-element-populated\">\n\t\t\t\t\t\t<div class=\"elementor-element elementor-element-0783854 elementor-widget elementor-widget-image\" data-id=\"0783854\" data-element_type=\"widget\" data-e-type=\"widget\" data-widget_type=\"image.default\">\n\t\t\t\t<div class=\"elementor-widget-container\">\n\t\t\t\t\t\t\t\t\t\t\t\t<figure class=\"wp-caption\">\n\t\t\t\t\t\t\t\t\t\t\t<a href=\"https:\/\/www.nj-creation.com\/fr\/perruques-femme-mi-longues\/2482-jade.html\">\n\t\t\t\t\t\t\t<img decoding=\"async\" width=\"289\" height=\"195\" src=\"https:\/\/virginie-vallet-socio-coiffeuse.fr\/wp-content\/uploads\/2020\/11\/Capture-decran-2020-11-08-a-02.41.13.png\" class=\"elementor-animation-grow attachment-large size-large wp-image-330\" alt=\"\" \/>\t\t\t\t\t\t\t\t<\/a>\n\t\t\t\t\t\t\t\t\t\t\t<figcaption class=\"widget-image-caption wp-caption-text\">Jade<\/figcaption>\n\t\t\t\t\t\t\t\t\t\t<\/figure>\n\t\t\t\t\t\t\t\t\t<\/div>\n\t\t\t\t<\/div>\n\t\t\t\t\t<\/div>\n\t\t<\/div>\n\t\t\t\t<div class=\"elementor-column elementor-col-33 elementor-top-column elementor-element elementor-element-fce31ec\" data-id=\"fce31ec\" data-element_type=\"column\" data-e-type=\"column\">\n\t\t\t<div class=\"elementor-widget-wrap elementor-element-populated\">\n\t\t\t\t\t\t<div class=\"elementor-element elementor-element-1ad4e56 elementor-widget elementor-widget-image\" data-id=\"1ad4e56\" data-element_type=\"widget\" data-e-type=\"widget\" data-widget_type=\"image.default\">\n\t\t\t\t<div class=\"elementor-widget-container\">\n\t\t\t\t\t\t\t\t\t\t\t\t<figure class=\"wp-caption\">\n\t\t\t\t\t\t\t\t\t\t\t<a href=\"https:\/\/www.nj-creation.com\/fr\/perruques-femmes-longues\/2043-tatiana.html\">\n\t\t\t\t\t\t\t<img loading=\"lazy\" decoding=\"async\" width=\"194\" height=\"281\" src=\"https:\/\/virginie-vallet-socio-coiffeuse.fr\/wp-content\/uploads\/2020\/11\/Capture-decran-2020-11-08-a-02.44.08.png\" class=\"elementor-animation-grow attachment-medium_large size-medium_large wp-image-333\" alt=\"\" \/>\t\t\t\t\t\t\t\t<\/a>\n\t\t\t\t\t\t\t\t\t\t\t<figcaption class=\"widget-image-caption wp-caption-text\">Tatiania<\/figcaption>\n\t\t\t\t\t\t\t\t\t\t<\/figure>\n\t\t\t\t\t\t\t\t\t<\/div>\n\t\t\t\t<\/div>\n\t\t\t\t\t<\/div>\n\t\t<\/div>\n\t\t\t\t\t<\/div>\n\t\t<\/section>\n\t\t\t\t<section class=\"elementor-section elementor-top-section elementor-element elementor-element-a6998cf elementor-section-boxed elementor-section-height-default elementor-section-height-default\" data-id=\"a6998cf\" data-element_type=\"section\" data-e-type=\"section\">\n\t\t\t\t\t\t<div class=\"elementor-container elementor-column-gap-default\">\n\t\t\t\t\t<div class=\"elementor-column elementor-col-100 elementor-top-column elementor-element elementor-element-126c608\" data-id=\"126c608\" data-element_type=\"column\" data-e-type=\"column\">\n\t\t\t<div class=\"elementor-widget-wrap elementor-element-populated\">\n\t\t\t\t\t\t<div class=\"elementor-element elementor-element-e7c42e4 elementor-button-warning elementor-align-center elementor-widget elementor-widget-button\" data-id=\"e7c42e4\" data-element_type=\"widget\" data-e-type=\"widget\" data-widget_type=\"button.default\">\n\t\t\t\t<div class=\"elementor-widget-container\">\n\t\t\t\t\t\t\t\t\t<div class=\"elementor-button-wrapper\">\n\t\t\t\t\t<a class=\"elementor-button elementor-button-link elementor-size-md elementor-animation-pulse\" href=\"#\">\n\t\t\t\t\t\t<span class=\"elementor-button-content-wrapper\">\n\t\t\t\t\t\t<span class=\"elementor-button-icon\">\n\t\t\t\t<i aria-hidden=\"true\" class=\"fas fa-angle-double-right\"><\/i>\t\t\t<\/span>\n\t\t\t\t\t\t\t\t\t<span class=\"elementor-button-text\">Haut de page<\/span>\n\t\t\t\t\t<\/span>\n\t\t\t\t\t<\/a>\n\t\t\t\t<\/div>\n\t\t\t\t\t\t\t\t<\/div>\n\t\t\t\t<\/div>\n\t\t\t\t\t<\/div>\n\t\t<\/div>\n\t\t\t\t\t<\/div>\n\t\t<\/section>\n\t\t\t\t<\/div>\n\t\t","protected":false},"excerpt":{"rendered":"<p>Virginie Socio coiffeuse Proth\u00e8ses capillaires Prestations Je suis partenaire de NJ Paris, sp\u00e9cialiste reconnu de la beaut\u00e9 capillaire m\u00e9dicale et de la perruque m\u00e9dicale. Cette marque fran\u00e7aise propose une large gamme de proth\u00e8ses capillaires destin\u00e9es aux femmes et aux hommes confront\u00e9s \u00e0 une perte de cheveux, temporaire ou durable, notamment dans le cadre de traitements [&hellip;]<\/p>\n","protected":false},"author":1,"featured_media":0,"parent":0,"menu_order":0,"comment_status":"closed","ping_status":"closed","template":"elementor_canvas","meta":{"footnotes":""},"class_list":["post-259","page","type-page","status-publish","hentry"],"yoast_head":"<!-- This site is optimized with the Yoast SEO plugin v26.9 - https:\/\/yoast.com\/product\/yoast-seo-wordpress\/ -->\n<title>Proth\u00e8ses capillaire - Virginie Vallet Socio Coiffeuse<\/title>\n<meta name=\"description\" content=\"Partenaire avec NJ cr\u00e9ation sp\u00e9cialiste de la proth\u00e9se capillaire hommes et femmes en cheveux naturels et synth\u00e9tiques.\" \/>\n<meta name=\"robots\" content=\"index, follow, max-snippet:-1, max-image-preview:large, max-video-preview:-1\" \/>\n<link rel=\"canonical\" href=\"https:\/\/virginie-vallet-socio-coiffeuse.fr\/?page_id=259\" \/>\n<meta property=\"og:locale\" content=\"fr_FR\" \/>\n<meta property=\"og:type\" content=\"article\" \/>\n<meta property=\"og:title\" content=\"Proth\u00e8ses capillaire - Virginie Vallet Socio Coiffeuse\" \/>\n<meta property=\"og:description\" content=\"Partenaire avec NJ cr\u00e9ation sp\u00e9cialiste de la proth\u00e9se capillaire hommes et femmes en cheveux naturels et synth\u00e9tiques.\" \/>\n<meta property=\"og:url\" content=\"https:\/\/virginie-vallet-socio-coiffeuse.fr\/?page_id=259\" \/>\n<meta property=\"og:site_name\" content=\"Virginie Vallet Socio Coiffeuse\" \/>\n<meta property=\"article:publisher\" content=\"https:\/\/www.facebook.com\/lafee.decoiffe\" \/>\n<meta property=\"article:modified_time\" content=\"2026-02-16T22:43:42+00:00\" \/>\n<meta property=\"og:image\" content=\"https:\/\/virginie-vallet-socio-coiffeuse.fr\/wp-content\/uploads\/2020\/11\/NJ-Creation.jpg\" \/>\n\t<meta property=\"og:image:width\" content=\"284\" \/>\n\t<meta property=\"og:image:height\" content=\"133\" \/>\n\t<meta property=\"og:image:type\" content=\"image\/jpeg\" \/>\n<meta name=\"twitter:card\" content=\"summary_large_image\" \/>\n<meta name=\"twitter:label1\" content=\"Dur\u00e9e de lecture estim\u00e9e\" \/>\n\t<meta name=\"twitter:data1\" content=\"2 minutes\" \/>\n<script type=\"application\/ld+json\" class=\"yoast-schema-graph\">{\"@context\":\"https:\/\/schema.org\",\"@graph\":[{\"@type\":\"WebPage\",\"@id\":\"https:\/\/virginie-vallet-socio-coiffeuse.fr\/?page_id=259\",\"url\":\"https:\/\/virginie-vallet-socio-coiffeuse.fr\/?page_id=259\",\"name\":\"Proth\u00e8ses capillaire - Virginie Vallet Socio Coiffeuse\",\"isPartOf\":{\"@id\":\"https:\/\/virginie-vallet-socio-coiffeuse.fr\/#website\"},\"primaryImageOfPage\":{\"@id\":\"https:\/\/virginie-vallet-socio-coiffeuse.fr\/?page_id=259#primaryimage\"},\"image\":{\"@id\":\"https:\/\/virginie-vallet-socio-coiffeuse.fr\/?page_id=259#primaryimage\"},\"thumbnailUrl\":\"http:\/\/virginie-vallet-socio-coiffeuse.fr\/wp-content\/uploads\/2020\/11\/NJ-Creation.jpg\",\"datePublished\":\"2020-11-07T22:37:32+00:00\",\"dateModified\":\"2026-02-16T22:43:42+00:00\",\"description\":\"Partenaire avec NJ cr\u00e9ation sp\u00e9cialiste de la proth\u00e9se capillaire hommes et femmes en cheveux naturels et synth\u00e9tiques.\",\"breadcrumb\":{\"@id\":\"https:\/\/virginie-vallet-socio-coiffeuse.fr\/?page_id=259#breadcrumb\"},\"inLanguage\":\"fr-FR\",\"potentialAction\":[{\"@type\":\"ReadAction\",\"target\":[\"https:\/\/virginie-vallet-socio-coiffeuse.fr\/?page_id=259\"]}]},{\"@type\":\"ImageObject\",\"inLanguage\":\"fr-FR\",\"@id\":\"https:\/\/virginie-vallet-socio-coiffeuse.fr\/?page_id=259#primaryimage\",\"url\":\"https:\/\/virginie-vallet-socio-coiffeuse.fr\/wp-content\/uploads\/2020\/11\/NJ-Creation.jpg\",\"contentUrl\":\"https:\/\/virginie-vallet-socio-coiffeuse.fr\/wp-content\/uploads\/2020\/11\/NJ-Creation.jpg\",\"width\":284,\"height\":133},{\"@type\":\"BreadcrumbList\",\"@id\":\"https:\/\/virginie-vallet-socio-coiffeuse.fr\/?page_id=259#breadcrumb\",\"itemListElement\":[{\"@type\":\"ListItem\",\"position\":1,\"name\":\"Accueil\",\"item\":\"https:\/\/virginie-vallet-socio-coiffeuse.fr\/\"},{\"@type\":\"ListItem\",\"position\":2,\"name\":\"Proth\u00e8ses capillaire\"}]},{\"@type\":\"WebSite\",\"@id\":\"https:\/\/virginie-vallet-socio-coiffeuse.fr\/#website\",\"url\":\"https:\/\/virginie-vallet-socio-coiffeuse.fr\/\",\"name\":\"Virginie Vallet Socio Coiffeuse\",\"description\":\"Une prestation privil\u00e9gi\u00e9e dans le bien \u00eatre et la bienveillance,  sans stress ni contrainte.\",\"publisher\":{\"@id\":\"https:\/\/virginie-vallet-socio-coiffeuse.fr\/#organization\"},\"potentialAction\":[{\"@type\":\"SearchAction\",\"target\":{\"@type\":\"EntryPoint\",\"urlTemplate\":\"https:\/\/virginie-vallet-socio-coiffeuse.fr\/?s={search_term_string}\"},\"query-input\":{\"@type\":\"PropertyValueSpecification\",\"valueRequired\":true,\"valueName\":\"search_term_string\"}}],\"inLanguage\":\"fr-FR\"},{\"@type\":\"Organization\",\"@id\":\"https:\/\/virginie-vallet-socio-coiffeuse.fr\/#organization\",\"name\":\"Virginie Vallet Socio Coiffeuse\",\"url\":\"https:\/\/virginie-vallet-socio-coiffeuse.fr\/\",\"logo\":{\"@type\":\"ImageObject\",\"inLanguage\":\"fr-FR\",\"@id\":\"https:\/\/virginie-vallet-socio-coiffeuse.fr\/#\/schema\/logo\/image\/\",\"url\":\"https:\/\/virginie-vallet-socio-coiffeuse.fr\/wp-content\/uploads\/2020\/11\/D3B08CDD-406F-4CB5-ACF1-D13CFA18011F.png\",\"contentUrl\":\"https:\/\/virginie-vallet-socio-coiffeuse.fr\/wp-content\/uploads\/2020\/11\/D3B08CDD-406F-4CB5-ACF1-D13CFA18011F.png\",\"width\":2325,\"height\":1519,\"caption\":\"Virginie Vallet Socio Coiffeuse\"},\"image\":{\"@id\":\"https:\/\/virginie-vallet-socio-coiffeuse.fr\/#\/schema\/logo\/image\/\"},\"sameAs\":[\"https:\/\/www.facebook.com\/lafee.decoiffe\"]}]}<\/script>\n<!-- \/ Yoast SEO plugin. -->","yoast_head_json":{"title":"Proth\u00e8ses capillaire - Virginie Vallet Socio Coiffeuse","description":"Partenaire avec NJ cr\u00e9ation sp\u00e9cialiste de la proth\u00e9se capillaire hommes et femmes en cheveux naturels et synth\u00e9tiques.","robots":{"index":"index","follow":"follow","max-snippet":"max-snippet:-1","max-image-preview":"max-image-preview:large","max-video-preview":"max-video-preview:-1"},"canonical":"https:\/\/virginie-vallet-socio-coiffeuse.fr\/?page_id=259","og_locale":"fr_FR","og_type":"article","og_title":"Proth\u00e8ses capillaire - Virginie Vallet Socio Coiffeuse","og_description":"Partenaire avec NJ cr\u00e9ation sp\u00e9cialiste de la proth\u00e9se capillaire hommes et femmes en cheveux naturels et synth\u00e9tiques.","og_url":"https:\/\/virginie-vallet-socio-coiffeuse.fr\/?page_id=259","og_site_name":"Virginie Vallet Socio Coiffeuse","article_publisher":"https:\/\/www.facebook.com\/lafee.decoiffe","article_modified_time":"2026-02-16T22:43:42+00:00","og_image":[{"width":284,"height":133,"url":"https:\/\/virginie-vallet-socio-coiffeuse.fr\/wp-content\/uploads\/2020\/11\/NJ-Creation.jpg","type":"image\/jpeg"}],"twitter_card":"summary_large_image","twitter_misc":{"Dur\u00e9e de lecture estim\u00e9e":"2 minutes"},"schema":{"@context":"https:\/\/schema.org","@graph":[{"@type":"WebPage","@id":"https:\/\/virginie-vallet-socio-coiffeuse.fr\/?page_id=259","url":"https:\/\/virginie-vallet-socio-coiffeuse.fr\/?page_id=259","name":"Proth\u00e8ses capillaire - Virginie Vallet Socio Coiffeuse","isPartOf":{"@id":"https:\/\/virginie-vallet-socio-coiffeuse.fr\/#website"},"primaryImageOfPage":{"@id":"https:\/\/virginie-vallet-socio-coiffeuse.fr\/?page_id=259#primaryimage"},"image":{"@id":"https:\/\/virginie-vallet-socio-coiffeuse.fr\/?page_id=259#primaryimage"},"thumbnailUrl":"http:\/\/virginie-vallet-socio-coiffeuse.fr\/wp-content\/uploads\/2020\/11\/NJ-Creation.jpg","datePublished":"2020-11-07T22:37:32+00:00","dateModified":"2026-02-16T22:43:42+00:00","description":"Partenaire avec NJ cr\u00e9ation sp\u00e9cialiste de la proth\u00e9se capillaire hommes et femmes en cheveux naturels et synth\u00e9tiques.","breadcrumb":{"@id":"https:\/\/virginie-vallet-socio-coiffeuse.fr\/?page_id=259#breadcrumb"},"inLanguage":"fr-FR","potentialAction":[{"@type":"ReadAction","target":["https:\/\/virginie-vallet-socio-coiffeuse.fr\/?page_id=259"]}]},{"@type":"ImageObject","inLanguage":"fr-FR","@id":"https:\/\/virginie-vallet-socio-coiffeuse.fr\/?page_id=259#primaryimage","url":"https:\/\/virginie-vallet-socio-coiffeuse.fr\/wp-content\/uploads\/2020\/11\/NJ-Creation.jpg","contentUrl":"https:\/\/virginie-vallet-socio-coiffeuse.fr\/wp-content\/uploads\/2020\/11\/NJ-Creation.jpg","width":284,"height":133},{"@type":"BreadcrumbList","@id":"https:\/\/virginie-vallet-socio-coiffeuse.fr\/?page_id=259#breadcrumb","itemListElement":[{"@type":"ListItem","position":1,"name":"Accueil","item":"https:\/\/virginie-vallet-socio-coiffeuse.fr\/"},{"@type":"ListItem","position":2,"name":"Proth\u00e8ses capillaire"}]},{"@type":"WebSite","@id":"https:\/\/virginie-vallet-socio-coiffeuse.fr\/#website","url":"https:\/\/virginie-vallet-socio-coiffeuse.fr\/","name":"Virginie Vallet Socio Coiffeuse","description":"Une prestation privil\u00e9gi\u00e9e dans le bien \u00eatre et la bienveillance,  sans stress ni contrainte.","publisher":{"@id":"https:\/\/virginie-vallet-socio-coiffeuse.fr\/#organization"},"potentialAction":[{"@type":"SearchAction","target":{"@type":"EntryPoint","urlTemplate":"https:\/\/virginie-vallet-socio-coiffeuse.fr\/?s={search_term_string}"},"query-input":{"@type":"PropertyValueSpecification","valueRequired":true,"valueName":"search_term_string"}}],"inLanguage":"fr-FR"},{"@type":"Organization","@id":"https:\/\/virginie-vallet-socio-coiffeuse.fr\/#organization","name":"Virginie Vallet Socio Coiffeuse","url":"https:\/\/virginie-vallet-socio-coiffeuse.fr\/","logo":{"@type":"ImageObject","inLanguage":"fr-FR","@id":"https:\/\/virginie-vallet-socio-coiffeuse.fr\/#\/schema\/logo\/image\/","url":"https:\/\/virginie-vallet-socio-coiffeuse.fr\/wp-content\/uploads\/2020\/11\/D3B08CDD-406F-4CB5-ACF1-D13CFA18011F.png","contentUrl":"https:\/\/virginie-vallet-socio-coiffeuse.fr\/wp-content\/uploads\/2020\/11\/D3B08CDD-406F-4CB5-ACF1-D13CFA18011F.png","width":2325,"height":1519,"caption":"Virginie Vallet Socio Coiffeuse"},"image":{"@id":"https:\/\/virginie-vallet-socio-coiffeuse.fr\/#\/schema\/logo\/image\/"},"sameAs":["https:\/\/www.facebook.com\/lafee.decoiffe"]}]}},"_links":{"self":[{"href":"https:\/\/virginie-vallet-socio-coiffeuse.fr\/index.php?rest_route=\/wp\/v2\/pages\/259","targetHints":{"allow":["GET"]}}],"collection":[{"href":"https:\/\/virginie-vallet-socio-coiffeuse.fr\/index.php?rest_route=\/wp\/v2\/pages"}],"about":[{"href":"https:\/\/virginie-vallet-socio-coiffeuse.fr\/index.php?rest_route=\/wp\/v2\/types\/page"}],"author":[{"embeddable":true,"href":"https:\/\/virginie-vallet-socio-coiffeuse.fr\/index.php?rest_route=\/wp\/v2\/users\/1"}],"replies":[{"embeddable":true,"href":"https:\/\/virginie-vallet-socio-coiffeuse.fr\/index.php?rest_route=%2Fwp%2Fv2%2Fcomments&post=259"}],"version-history":[{"count":44,"href":"https:\/\/virginie-vallet-socio-coiffeuse.fr\/index.php?rest_route=\/wp\/v2\/pages\/259\/revisions"}],"predecessor-version":[{"id":750,"href":"https:\/\/virginie-vallet-socio-coiffeuse.fr\/index.php?rest_route=\/wp\/v2\/pages\/259\/revisions\/750"}],"wp:attachment":[{"href":"https:\/\/virginie-vallet-socio-coiffeuse.fr\/index.php?rest_route=%2Fwp%2Fv2%2Fmedia&parent=259"}],"curies":[{"name":"wp","href":"https:\/\/api.w.org\/{rel}","templated":true}]}}